{"id":2534,"date":"2024-03-05T13:50:36","date_gmt":"2024-03-05T12:50:36","guid":{"rendered":"https:\/\/www.ordesamonteperdido.com\/fr\/?page_id=2534"},"modified":"2024-08-31T10:08:09","modified_gmt":"2024-08-31T08:08:09","slug":"espolon-virgen-rodellar","status":"publish","type":"page","link":"https:\/\/www.ordesamonteperdido.com\/fr\/via-ferrata\/espolon-virgen-rodellar\/","title":{"rendered":"Via ferrata de l&#8217;Espol\u00f3n de la Virgen de Rodellar"},"content":{"rendered":"<p>La <strong>Via ferrata del Espol\u00f3n de la Virgen de Rodellar<\/strong> se trouve \u00e0 Rodellar, dans le canyon du Masc\u00fan. Ce parcours suit l&#8217;\u00e9peron qui m\u00e8ne \u00e0 l&#8217;ermitage de la Virgen de Rodellar, offrant des paysages spectaculaires et une ambiance a\u00e9rienne tout au long du trajet. Bien qu&#8217;elle ne soit pas tr\u00e8s difficile, elle offre la dose d&#8217;aventure que nous recherchons.<\/p>\n<p>Avec un niveau de difficult\u00e9 K2 (moyen), cette via ferrata est \u00e9quip\u00e9e de crampons m\u00e9talliques et de quelques cha\u00eenes, permettant de profiter de vues impressionnantes sur les parois du canyon du Masc\u00fan. Ce canyon est principalement connu des grimpeurs et des amateurs de descente de canyons. Son caract\u00e8re a\u00e9rien nous offre l&#8217;opportunit\u00e9 de contempler des points c\u00e9l\u00e8bres tels que le \"Delfin\", un trou dans les parois en forme de dauphin.<\/p>\n<p><img class=\"aligncenter wp-image-2536 size-full\" src=\"https:\/\/www.ordesamonteperdido.com\/fr\/wp-content\/uploads\/via-ferrata-espolon-virgen-rodellar.jpg\" alt=\"a ferrata del Espol\u00f3n de la Virgen de Rodellar\" width=\"800\" height=\"600\" srcset=\"https:\/\/www.ordesamonteperdido.com\/fr\/wp-content\/uploads\/via-ferrata-espolon-virgen-rodellar.jpg 800w, https:\/\/www.ordesamonteperdido.com\/fr\/wp-content\/uploads\/via-ferrata-espolon-virgen-rodellar-336x252.jpg 336w, https:\/\/www.ordesamonteperdido.com\/fr\/wp-content\/uploads\/via-ferrata-espolon-virgen-rodellar-768x576.jpg 768w\" sizes=\"(max-width: 800px) 100vw, 800px\" \/><\/p>\n<p>Le retour de la via ferrata se fait par un sentier, bien qu&#8217;il existe \u00e9galement l&#8217;option de terminer par une descente dans un canyon sec, avec 3 rappels de 6, 5 et 12 m\u00e8tres qui nous ram\u00e8nent au lit du Masc\u00fan. Consulter cette option est recommand\u00e9.<\/p>\n<p>La meilleure fa\u00e7on de profiter de cette Via Ferrata est de la combiner le m\u00eame jour avec le canyon du Basender, une activit\u00e9 parfaite lorsque la saison des canyons aquatiques est termin\u00e9e.<\/p>\n<h2>Dificult\u00e9<\/h2>\n<p>La Via Ferrata del Espol\u00f3n de la Virgen de Rodellar, situ\u00e9e dans le Parc Naturel de la Sierra et des Canyons de Guara, \u00e0 Rodellar, pr\u00e9sente une difficult\u00e9 moyenne. La dur\u00e9e estim\u00e9e de l&#8217;activit\u00e9 est d&#8217;1 heure et 30 minutes sur la via ferrata, avec une approche de 40 minutes et un retour de 40 minutes.<\/p>\n<p>Cette activit\u00e9 est disponible toute l&#8217;ann\u00e9e, avec des horaires aussi bien le matin que l&#8217;apr\u00e8s-midi. Le point de rendez-vous est le village de Rodellar. Le ratio est de 6 personnes par guide, bien que dans des cas exceptionnels, il puisse atteindre jusqu&#8217;\u00e0 8 personnes par guide.<\/p>\n","protected":false},"excerpt":{"rendered":"<p>La Via ferrata del Espol\u00f3n de la Virgen de Rodellar se trouve \u00e0 Rodellar, dans le canyon du Masc\u00fan. Ce parcours suit l&#8217;\u00e9peron qui m\u00e8ne \u00e0 l&#8217;ermitage de la Virgen de Rodellar, offrant des&#46;&#46;&#46;<\/p>\n","protected":false},"author":2,"featured_media":2536,"parent":2508,"menu_order":0,"comment_status":"closed","ping_status":"closed","template":"","meta":[],"yoast_head":"<!-- This site is optimized with the Yoast SEO plugin v20.1 - https:\/\/yoast.com\/wordpress\/plugins\/seo\/ -->\n<title>Via ferrata de l&#039;Espol\u00f3n de la Virgen de Rodellar<\/title>\n<meta name=\"description\" content=\"Escaladez la via ferrata de l&#039;Espol\u00f3n de la Virgen de Rodellar de niveau K2, avec des vues impressionnantes et une descente par le canyon sec.\" \/>\n<meta name=\"robots\" content=\"index, follow, max-snippet:-1, max-image-preview:large, max-video-preview:-1\" \/>\n<link rel=\"canonical\" href=\"https:\/\/www.ordesamonteperdido.com\/fr\/via-ferrata\/espolon-virgen-rodellar\/\" \/>\n<meta property=\"og:locale\" content=\"fr_FR\" \/>\n<meta property=\"og:type\" content=\"article\" \/>\n<meta property=\"og:title\" content=\"Via ferrata de l&#039;Espol\u00f3n de la Virgen de Rodellar\" \/>\n<meta property=\"og:description\" content=\"Escaladez la via ferrata de l&#039;Espol\u00f3n de la Virgen de Rodellar de niveau K2, avec des vues impressionnantes et une descente par le canyon sec.\" \/>\n<meta property=\"og:url\" content=\"https:\/\/www.ordesamonteperdido.com\/fr\/via-ferrata\/espolon-virgen-rodellar\/\" \/>\n<meta property=\"og:site_name\" content=\"Ordesa et Monte Perdu\" \/>\n<meta property=\"article:modified_time\" content=\"2024-08-31T08:08:09+00:00\" \/>\n<meta property=\"og:image\" content=\"https:\/\/www.ordesamonteperdido.com\/fr\/wp-content\/uploads\/via-ferrata-espolon-virgen-rodellar.jpg\" \/>\n\t<meta property=\"og:image:width\" content=\"800\" \/>\n\t<meta property=\"og:image:height\" content=\"600\" \/>\n\t<meta property=\"og:image:type\" content=\"image\/jpeg\" \/>\n<meta name=\"twitter:card\" content=\"summary_large_image\" \/>\n<meta name=\"twitter:label1\" content=\"Tiempo de lectura\" \/>\n\t<meta name=\"twitter:data1\" content=\"2 minutos\" \/>\n<script type=\"application\/ld+json\" class=\"yoast-schema-graph\">{\"@context\":\"https:\/\/schema.org\",\"@graph\":[{\"@type\":\"WebPage\",\"@id\":\"https:\/\/www.ordesamonteperdido.com\/fr\/via-ferrata\/espolon-virgen-rodellar\/\",\"url\":\"https:\/\/www.ordesamonteperdido.com\/fr\/via-ferrata\/espolon-virgen-rodellar\/\",\"name\":\"Via ferrata de l'Espol\u00f3n de la Virgen de Rodellar\",\"isPartOf\":{\"@id\":\"https:\/\/www.ordesamonteperdido.com\/fr\/#website\"},\"datePublished\":\"2024-03-05T12:50:36+00:00\",\"dateModified\":\"2024-08-31T08:08:09+00:00\",\"description\":\"Escaladez la via ferrata de l'Espol\u00f3n de la Virgen de Rodellar de niveau K2, avec des vues impressionnantes et une descente par le canyon sec.\",\"breadcrumb\":{\"@id\":\"https:\/\/www.ordesamonteperdido.com\/fr\/via-ferrata\/espolon-virgen-rodellar\/#breadcrumb\"},\"inLanguage\":\"fr\",\"potentialAction\":[{\"@type\":\"ReadAction\",\"target\":[\"https:\/\/www.ordesamonteperdido.com\/fr\/via-ferrata\/espolon-virgen-rodellar\/\"]}]},{\"@type\":\"BreadcrumbList\",\"@id\":\"https:\/\/www.ordesamonteperdido.com\/fr\/via-ferrata\/espolon-virgen-rodellar\/#breadcrumb\",\"itemListElement\":[{\"@type\":\"ListItem\",\"position\":1,\"name\":\"Portada\",\"item\":\"https:\/\/www.ordesamonteperdido.com\/fr\/\"},{\"@type\":\"ListItem\",\"position\":2,\"name\":\"Via Ferrata d&#8217;Ordesa, du Mont Perdu et de Torla\",\"item\":\"https:\/\/www.ordesamonteperdido.com\/fr\/via-ferrata\/\"},{\"@type\":\"ListItem\",\"position\":3,\"name\":\"Via ferrata de l&#8217;Espol\u00f3n de la Virgen de Rodellar\"}]},{\"@type\":\"WebSite\",\"@id\":\"https:\/\/www.ordesamonteperdido.com\/fr\/#website\",\"url\":\"https:\/\/www.ordesamonteperdido.com\/fr\/\",\"name\":\"Ordesa et Monte Perdu\",\"description\":\"Tourisme, h\u00e9bergement, itin\u00e9raires et guides.\",\"publisher\":{\"@id\":\"https:\/\/www.ordesamonteperdido.com\/fr\/#organization\"},\"potentialAction\":[{\"@type\":\"SearchAction\",\"target\":{\"@type\":\"EntryPoint\",\"urlTemplate\":\"https:\/\/www.ordesamonteperdido.com\/fr\/?s={search_term_string}\"},\"query-input\":\"required name=search_term_string\"}],\"inLanguage\":\"fr\"},{\"@type\":\"Organization\",\"@id\":\"https:\/\/www.ordesamonteperdido.com\/fr\/#organization\",\"name\":\"Ordesa et Monte Perdu\",\"url\":\"https:\/\/www.ordesamonteperdido.com\/fr\/\",\"logo\":{\"@type\":\"ImageObject\",\"inLanguage\":\"fr\",\"@id\":\"https:\/\/www.ordesamonteperdido.com\/fr\/#\/schema\/logo\/image\/\",\"url\":\"https:\/\/www.ordesamonteperdido.com\/fr\/wp-content\/uploads\/ordesamonteperdido-logo.png\",\"contentUrl\":\"https:\/\/www.ordesamonteperdido.com\/fr\/wp-content\/uploads\/ordesamonteperdido-logo.png\",\"width\":567,\"height\":69,\"caption\":\"Ordesa et Monte Perdu\"},\"image\":{\"@id\":\"https:\/\/www.ordesamonteperdido.com\/fr\/#\/schema\/logo\/image\/\"}}]}<\/script>\n<!-- \/ Yoast SEO plugin. -->","yoast_head_json":{"title":"Via ferrata de l'Espol\u00f3n de la Virgen de Rodellar","description":"Escaladez la via ferrata de l'Espol\u00f3n de la Virgen de Rodellar de niveau K2, avec des vues impressionnantes et une descente par le canyon sec.","robots":{"index":"index","follow":"follow","max-snippet":"max-snippet:-1","max-image-preview":"max-image-preview:large","max-video-preview":"max-video-preview:-1"},"canonical":"https:\/\/www.ordesamonteperdido.com\/fr\/via-ferrata\/espolon-virgen-rodellar\/","og_locale":"fr_FR","og_type":"article","og_title":"Via ferrata de l'Espol\u00f3n de la Virgen de Rodellar","og_description":"Escaladez la via ferrata de l'Espol\u00f3n de la Virgen de Rodellar de niveau K2, avec des vues impressionnantes et une descente par le canyon sec.","og_url":"https:\/\/www.ordesamonteperdido.com\/fr\/via-ferrata\/espolon-virgen-rodellar\/","og_site_name":"Ordesa et Monte Perdu","article_modified_time":"2024-08-31T08:08:09+00:00","og_image":[{"width":800,"height":600,"url":"https:\/\/www.ordesamonteperdido.com\/fr\/wp-content\/uploads\/via-ferrata-espolon-virgen-rodellar.jpg","type":"image\/jpeg"}],"twitter_card":"summary_large_image","twitter_misc":{"Tiempo de lectura":"2 minutos"},"schema":{"@context":"https:\/\/schema.org","@graph":[{"@type":"WebPage","@id":"https:\/\/www.ordesamonteperdido.com\/fr\/via-ferrata\/espolon-virgen-rodellar\/","url":"https:\/\/www.ordesamonteperdido.com\/fr\/via-ferrata\/espolon-virgen-rodellar\/","name":"Via ferrata de l'Espol\u00f3n de la Virgen de Rodellar","isPartOf":{"@id":"https:\/\/www.ordesamonteperdido.com\/fr\/#website"},"datePublished":"2024-03-05T12:50:36+00:00","dateModified":"2024-08-31T08:08:09+00:00","description":"Escaladez la via ferrata de l'Espol\u00f3n de la Virgen de Rodellar de niveau K2, avec des vues impressionnantes et une descente par le canyon sec.","breadcrumb":{"@id":"https:\/\/www.ordesamonteperdido.com\/fr\/via-ferrata\/espolon-virgen-rodellar\/#breadcrumb"},"inLanguage":"fr","potentialAction":[{"@type":"ReadAction","target":["https:\/\/www.ordesamonteperdido.com\/fr\/via-ferrata\/espolon-virgen-rodellar\/"]}]},{"@type":"BreadcrumbList","@id":"https:\/\/www.ordesamonteperdido.com\/fr\/via-ferrata\/espolon-virgen-rodellar\/#breadcrumb","itemListElement":[{"@type":"ListItem","position":1,"name":"Portada","item":"https:\/\/www.ordesamonteperdido.com\/fr\/"},{"@type":"ListItem","position":2,"name":"Via Ferrata d&#8217;Ordesa, du Mont Perdu et de Torla","item":"https:\/\/www.ordesamonteperdido.com\/fr\/via-ferrata\/"},{"@type":"ListItem","position":3,"name":"Via ferrata de l&#8217;Espol\u00f3n de la Virgen de Rodellar"}]},{"@type":"WebSite","@id":"https:\/\/www.ordesamonteperdido.com\/fr\/#website","url":"https:\/\/www.ordesamonteperdido.com\/fr\/","name":"Ordesa et Monte Perdu","description":"Tourisme, h\u00e9bergement, itin\u00e9raires et guides.","publisher":{"@id":"https:\/\/www.ordesamonteperdido.com\/fr\/#organization"},"potentialAction":[{"@type":"SearchAction","target":{"@type":"EntryPoint","urlTemplate":"https:\/\/www.ordesamonteperdido.com\/fr\/?s={search_term_string}"},"query-input":"required name=search_term_string"}],"inLanguage":"fr"},{"@type":"Organization","@id":"https:\/\/www.ordesamonteperdido.com\/fr\/#organization","name":"Ordesa et Monte Perdu","url":"https:\/\/www.ordesamonteperdido.com\/fr\/","logo":{"@type":"ImageObject","inLanguage":"fr","@id":"https:\/\/www.ordesamonteperdido.com\/fr\/#\/schema\/logo\/image\/","url":"https:\/\/www.ordesamonteperdido.com\/fr\/wp-content\/uploads\/ordesamonteperdido-logo.png","contentUrl":"https:\/\/www.ordesamonteperdido.com\/fr\/wp-content\/uploads\/ordesamonteperdido-logo.png","width":567,"height":69,"caption":"Ordesa et Monte Perdu"},"image":{"@id":"https:\/\/www.ordesamonteperdido.com\/fr\/#\/schema\/logo\/image\/"}}]}},"_links":{"self":[{"href":"https:\/\/www.ordesamonteperdido.com\/fr\/wp-json\/wp\/v2\/pages\/2534"}],"collection":[{"href":"https:\/\/www.ordesamonteperdido.com\/fr\/wp-json\/wp\/v2\/pages"}],"about":[{"href":"https:\/\/www.ordesamonteperdido.com\/fr\/wp-json\/wp\/v2\/types\/page"}],"author":[{"embeddable":true,"href":"https:\/\/www.ordesamonteperdido.com\/fr\/wp-json\/wp\/v2\/users\/2"}],"replies":[{"embeddable":true,"href":"https:\/\/www.ordesamonteperdido.com\/fr\/wp-json\/wp\/v2\/comments?post=2534"}],"version-history":[{"count":0,"href":"https:\/\/www.ordesamonteperdido.com\/fr\/wp-json\/wp\/v2\/pages\/2534\/revisions"}],"up":[{"embeddable":true,"href":"https:\/\/www.ordesamonteperdido.com\/fr\/wp-json\/wp\/v2\/pages\/2508"}],"wp:featuredmedia":[{"embeddable":true,"href":"https:\/\/www.ordesamonteperdido.com\/fr\/wp-json\/wp\/v2\/media\/2536"}],"wp:attachment":[{"href":"https:\/\/www.ordesamonteperdido.com\/fr\/wp-json\/wp\/v2\/media?parent=2534"}],"curies":[{"name":"wp","href":"https:\/\/api.w.org\/{rel}","templated":true}]}}

Via ferrata de l&#8217;Espolón de la Virgen de Rodellar

<p>La <strong>Via ferrata del Espolón de la Virgen de Rodellar</strong> se trouve à Rodellar, dans le canyon du Mascún. Ce parcours suit l&#8217;éperon qui mène à l&#8217;ermitage de la Virgen de Rodellar, offrant des paysages spectaculaires et une ambiance aérienne tout au long du trajet. Bien qu&#8217;elle ne soit pas très difficile, elle offre la dose d&#8217;aventure que nous recherchons.</p>
<p>Avec un niveau de difficulté K2 (moyen), cette via ferrata est équipée de crampons métalliques et de quelques chaînes, permettant de profiter de vues impressionnantes sur les parois du canyon du Mascún. Ce canyon est principalement connu des grimpeurs et des amateurs de descente de canyons. Son caractère aérien nous offre l&#8217;opportunité de contempler des points célèbres tels que le "Delfin", un trou dans les parois en forme de dauphin.</p>
<p><img class="aligncenter wp-image-2536 size-full" src="https://www.ordesamonteperdido.com/fr/wp-content/uploads/via-ferrata-espolon-virgen-rodellar.jpg" alt="a ferrata del Espolón de la Virgen de Rodellar" width="800" height="600" srcset="https://www.ordesamonteperdido.com/fr/wp-content/uploads/via-ferrata-espolon-virgen-rodellar.jpg 800w, https://www.ordesamonteperdido.com/fr/wp-content/uploads/via-ferrata-espolon-virgen-rodellar-336x252.jpg 336w, https://www.ordesamonteperdido.com/fr/wp-content/uploads/via-ferrata-espolon-virgen-rodellar-768x576.jpg 768w" sizes="(max-width: 800px) 100vw, 800px" /></p>
<p>Le retour de la via ferrata se fait par un sentier, bien qu&#8217;il existe également l&#8217;option de terminer par une descente dans un canyon sec, avec 3 rappels de 6, 5 et 12 mètres qui nous ramènent au lit du Mascún. Consulter cette option est recommandé.</p>
<p>La meilleure façon de profiter de cette Via Ferrata est de la combiner le même jour avec le canyon du Basender, une activité parfaite lorsque la saison des canyons aquatiques est terminée.</p>
<h2>Dificulté</h2>
<p>La Via Ferrata del Espolón de la Virgen de Rodellar, située dans le Parc Naturel de la Sierra et des Canyons de Guara, à Rodellar, présente une difficulté moyenne. La durée estimée de l&#8217;activité est d&#8217;1 heure et 30 minutes sur la via ferrata, avec une approche de 40 minutes et un retour de 40 minutes.</p>
<p>Cette activité est disponible toute l&#8217;année, avec des horaires aussi bien le matin que l&#8217;après-midi. Le point de rendez-vous est le village de Rodellar. Le ratio est de 6 personnes par guide, bien que dans des cas exceptionnels, il puisse atteindre jusqu&#8217;à 8 personnes par guide.</p>

<p>La Via ferrata del Espolón de la Virgen de Rodellar se trouve à Rodellar, dans le canyon du Mascún. Ce parcours suit l&#8217;éperon qui mène à l&#8217;ermitage de la Virgen de Rodellar, offrant des&#46;&#46;&#46;</p>

<!-- This site is optimized with the Yoast SEO plugin v20.1 - https://yoast.com/wordpress/plugins/seo/ -->
<title>Via ferrata de l&#039;Espolón de la Virgen de Rodellar</title>
<meta name="description" content="Escaladez la via ferrata de l&#039;Espolón de la Virgen de Rodellar de niveau K2, avec des vues impressionnantes et une descente par le canyon sec." />
<meta name="robots" content="index, follow, max-snippet:-1, max-image-preview:large, max-video-preview:-1" />
<link rel="canonical" href="https://www.ordesamonteperdido.com/fr/via-ferrata/espolon-virgen-rodellar/" />
<meta property="og:locale" content="fr_FR" />
<meta property="og:type" content="article" />
<meta property="og:title" content="Via ferrata de l&#039;Espolón de la Virgen de Rodellar" />
<meta property="og:description" content="Escaladez la via ferrata de l&#039;Espolón de la Virgen de Rodellar de niveau K2, avec des vues impressionnantes et une descente par le canyon sec." />
<meta property="og:url" content="https://www.ordesamonteperdido.com/fr/via-ferrata/espolon-virgen-rodellar/" />
<meta property="og:site_name" content="Ordesa et Monte Perdu" />
<meta property="article:modified_time" content="2024-08-31T08:08:09+00:00" />
<meta property="og:image" content="https://www.ordesamonteperdido.com/fr/wp-content/uploads/via-ferrata-espolon-virgen-rodellar.jpg" />
	<meta property="og:image:width" content="800" />
	<meta property="og:image:height" content="600" />
	<meta property="og:image:type" content="image/jpeg" />
<meta name="twitter:card" content="summary_large_image" />
<meta name="twitter:label1" content="Tiempo de lectura" />
	<meta name="twitter:data1" content="2 minutos" />
<script type="application/ld+json" class="yoast-schema-graph">{"@context":"https://schema.org","@graph":[{"@type":"WebPage","@id":"https://www.ordesamonteperdido.com/fr/via-ferrata/espolon-virgen-rodellar/","url":"https://www.ordesamonteperdido.com/fr/via-ferrata/espolon-virgen-rodellar/","name":"Via ferrata de l'Espolón de la Virgen de Rodellar","isPartOf":{"@id":"https://www.ordesamonteperdido.com/fr/#website"},"datePublished":"2024-03-05T12:50:36+00:00","dateModified":"2024-08-31T08:08:09+00:00","description":"Escaladez la via ferrata de l'Espolón de la Virgen de Rodellar de niveau K2, avec des vues impressionnantes et une descente par le canyon sec.","breadcrumb":{"@id":"https://www.ordesamonteperdido.com/fr/via-ferrata/espolon-virgen-rodellar/#breadcrumb"},"inLanguage":"fr","potentialAction":[{"@type":"ReadAction","target":["https://www.ordesamonteperdido.com/fr/via-ferrata/espolon-virgen-rodellar/"]}]},{"@type":"BreadcrumbList","@id":"https://www.ordesamonteperdido.com/fr/via-ferrata/espolon-virgen-rodellar/#breadcrumb","itemListElement":[{"@type":"ListItem","position":1,"name":"Portada","item":"https://www.ordesamonteperdido.com/fr/"},{"@type":"ListItem","position":2,"name":"Via Ferrata d&#8217;Ordesa, du Mont Perdu et de Torla","item":"https://www.ordesamonteperdido.com/fr/via-ferrata/"},{"@type":"ListItem","position":3,"name":"Via ferrata de l&#8217;Espolón de la Virgen de Rodellar"}]},{"@type":"WebSite","@id":"https://www.ordesamonteperdido.com/fr/#website","url":"https://www.ordesamonteperdido.com/fr/","name":"Ordesa et Monte Perdu","description":"Tourisme, hébergement, itinéraires et guides.","publisher":{"@id":"https://www.ordesamonteperdido.com/fr/#organization"},"potentialAction":[{"@type":"SearchAction","target":{"@type":"EntryPoint","urlTemplate":"https://www.ordesamonteperdido.com/fr/?s={search_term_string}"},"query-input":"required name=search_term_string"}],"inLanguage":"fr"},{"@type":"Organization","@id":"https://www.ordesamonteperdido.com/fr/#organization","name":"Ordesa et Monte Perdu","url":"https://www.ordesamonteperdido.com/fr/","logo":{"@type":"ImageObject","inLanguage":"fr","@id":"https://www.ordesamonteperdido.com/fr/#/schema/logo/image/","url":"https://www.ordesamonteperdido.com/fr/wp-content/uploads/ordesamonteperdido-logo.png","contentUrl":"https://www.ordesamonteperdido.com/fr/wp-content/uploads/ordesamonteperdido-logo.png","width":567,"height":69,"caption":"Ordesa et Monte Perdu"},"image":{"@id":"https://www.ordesamonteperdido.com/fr/#/schema/logo/image/"}}]}</script>
<!-- / Yoast SEO plugin. -->

Via ferrata de l'Espolón de la Virgen de Rodellar

Escaladez la via ferrata de l'Espolón de la Virgen de Rodellar de niveau K2, avec des vues impressionnantes et une descente par le canyon sec.

Tourisme, hébergement, itinéraires et guides.
