{"id":2559,"date":"2024-08-29T08:00:52","date_gmt":"2024-08-29T06:00:52","guid":{"rendered":"https:\/\/www.ordesamonteperdido.com\/pt\/?page_id=2559"},"modified":"2024-08-31T10:05:26","modified_gmt":"2024-08-31T08:05:26","slug":"espolon-virgen-rodellar","status":"publish","type":"page","link":"https:\/\/www.ordesamonteperdido.com\/pt\/vias-ferratas\/espolon-virgen-rodellar\/","title":{"rendered":"Via Ferrata do Espol\u00f3n de la Virgen de Rodellar"},"content":{"rendered":"<p>A <strong>Via Ferrata de Espol\u00f3n de la Virgen de Rodellar<\/strong> est\u00e1 localizada em Rodellar, dentro do C\u00e2nion Masc\u00fan. Esta rota segue o espig\u00e3o que leva \u00e0 Ermida da Virgen de Rodellar, oferecendo paisagens espetaculares e um ambiente arejado ao longo do caminho. Embora n\u00e3o seja muito dif\u00edcil, proporciona a emo\u00e7\u00e3o de aventura que procuramos.<\/p>\n<p>Com um n\u00edvel de dificuldade de K2 (m\u00e9dio), esta ferrata est\u00e1 equipada com grampos de metal e algumas correntes, permitindo vistas deslumbrantes das paredes do C\u00e2nion Masc\u00fan. Este c\u00e2nion \u00e9 conhecido principalmente por escaladores e entusiastas de descida de c\u00e2nion. Seu car\u00e1ter a\u00e9reo nos d\u00e1 a oportunidade de contemplar pontos famosos como o \"Delfin\", um buraco nas paredes em forma de golfinho.<\/p>\n<p><a href=\"https:\/\/www.ordesamonteperdido.com\/pt\/wp-content\/uploads\/via-ferrata-espolon-virgen-rodellar.jpg\" target=\"_blank\" rel=\"noopener\"><img decoding=\"async\" class=\"aligncenter wp-image-4475 size-full\" src=\"https:\/\/www.ordesamonteperdido.com\/pt\/wp-content\/uploads\/via-ferrata-espolon-virgen-rodellar.jpg\" alt=\"Via Ferrata do Espol\u00f3n de la Virgen de Rodellar\" width=\"800\" height=\"600\" srcset=\"https:\/\/www.ordesamonteperdido.com\/pt\/wp-content\/uploads\/via-ferrata-espolon-virgen-rodellar.jpg 800w, https:\/\/www.ordesamonteperdido.com\/pt\/wp-content\/uploads\/via-ferrata-espolon-virgen-rodellar-336x252.jpg 336w, https:\/\/www.ordesamonteperdido.com\/pt\/wp-content\/uploads\/via-ferrata-espolon-virgen-rodellar-768x576.jpg 768w\" sizes=\"(max-width: 800px) 100vw, 800px\" \/><\/a><\/p>\n<p>O retorno da ferrata \u00e9 feito por trilha, embora haja a op\u00e7\u00e3o de terminar com uma descida por uma ravina seca, com 3 rap\u00e9is de 6, 5 e 12 metros que nos levam de volta ao leito do Masc\u00fan. Consultar esta op\u00e7\u00e3o \u00e9 recomend\u00e1vel.<\/p>\n<p>A melhor maneira de aproveitar esta Via Ferrata \u00e9 combin\u00e1-la no mesmo dia com o barranco de Basender, uma atividade perfeita para quando a temporada de barrancos aqu\u00e1ticos terminou.<\/p>\n<h2>Dificuldade<\/h2>\n<p>A Via Ferrata de Espol\u00f3n de la Virgen de Rodellar, localizada no Parque Natural da Sierra e Ca\u00f1ones de Guara, em Rodellar, apresenta uma dificuldade m\u00e9dia. A dura\u00e7\u00e3o estimada da atividade \u00e9 de 1 hora e 30 minutos na ferrata, com uma aproxima\u00e7\u00e3o de 40 minutos e um retorno de 40 minutos.<\/p>\n<p>Esta atividade est\u00e1 dispon\u00edvel durante todo o ano, com hor\u00e1rios tanto pela manh\u00e3 quanto \u00e0 tarde. O ponto de encontro \u00e9 a aldeia de Rodellar. A propor\u00e7\u00e3o \u00e9 de 6 pessoas por guia, embora excepcionalmente possa ser de at\u00e9 8 pessoas por guia.<\/p>\n","protected":false},"excerpt":{"rendered":"<p>A Via Ferrata de Espol\u00f3n de la Virgen de Rodellar est\u00e1 localizada em Rodellar, dentro do C\u00e2nion Masc\u00fan. Esta rota segue o espig\u00e3o que leva \u00e0 Ermida da Virgen de Rodellar, oferecendo paisagens espetaculares&#46;&#46;&#46;<\/p>\n","protected":false},"author":2,"featured_media":4475,"parent":2543,"menu_order":0,"comment_status":"closed","ping_status":"closed","template":"","meta":{"footnotes":""},"yoast_head":"<!-- This site is optimized with the Yoast SEO plugin v20.1 - https:\/\/yoast.com\/wordpress\/plugins\/seo\/ -->\n<title>Via Ferrata do Espol\u00f3n de la Virgen de Rodellar<\/title>\n<meta name=\"description\" content=\"Escale a Via Ferrata do Espol\u00f3n de la Virgen de Rodellar no n\u00edvel K2, com vistas impressionantes e descida pelo desfiladeiro seco.\" \/>\n<meta name=\"robots\" content=\"index, follow, max-snippet:-1, max-image-preview:large, max-video-preview:-1\" \/>\n<link rel=\"canonical\" href=\"https:\/\/www.ordesamonteperdido.com\/pt\/vias-ferratas\/espolon-virgen-rodellar\/\" \/>\n<meta property=\"og:locale\" content=\"pt_PT\" \/>\n<meta property=\"og:type\" content=\"article\" \/>\n<meta property=\"og:title\" content=\"Via Ferrata do Espol\u00f3n de la Virgen de Rodellar\" \/>\n<meta property=\"og:description\" content=\"Escale a Via Ferrata do Espol\u00f3n de la Virgen de Rodellar no n\u00edvel K2, com vistas impressionantes e descida pelo desfiladeiro seco.\" \/>\n<meta property=\"og:url\" content=\"https:\/\/www.ordesamonteperdido.com\/pt\/vias-ferratas\/espolon-virgen-rodellar\/\" \/>\n<meta property=\"og:site_name\" content=\"Ordesa y Monte Perdido\" \/>\n<meta property=\"article:modified_time\" content=\"2024-08-31T08:05:26+00:00\" \/>\n<meta property=\"og:image\" content=\"https:\/\/www.ordesamonteperdido.com\/pt\/wp-content\/uploads\/via-ferrata-espolon-virgen-rodellar.jpg\" \/>\n\t<meta property=\"og:image:width\" content=\"800\" \/>\n\t<meta property=\"og:image:height\" content=\"600\" \/>\n\t<meta property=\"og:image:type\" content=\"image\/jpeg\" \/>\n<meta name=\"twitter:card\" content=\"summary_large_image\" \/>\n<meta name=\"twitter:label1\" content=\"Tiempo de lectura\" \/>\n\t<meta name=\"twitter:data1\" content=\"2 minutos\" \/>\n<script type=\"application\/ld+json\" class=\"yoast-schema-graph\">{\"@context\":\"https:\/\/schema.org\",\"@graph\":[{\"@type\":\"WebPage\",\"@id\":\"https:\/\/www.ordesamonteperdido.com\/pt\/vias-ferratas\/espolon-virgen-rodellar\/\",\"url\":\"https:\/\/www.ordesamonteperdido.com\/pt\/vias-ferratas\/espolon-virgen-rodellar\/\",\"name\":\"Via Ferrata do Espol\u00f3n de la Virgen de Rodellar\",\"isPartOf\":{\"@id\":\"https:\/\/www.ordesamonteperdido.com\/pt\/#website\"},\"datePublished\":\"2024-08-29T06:00:52+00:00\",\"dateModified\":\"2024-08-31T08:05:26+00:00\",\"description\":\"Escale a Via Ferrata do Espol\u00f3n de la Virgen de Rodellar no n\u00edvel K2, com vistas impressionantes e descida pelo desfiladeiro seco.\",\"breadcrumb\":{\"@id\":\"https:\/\/www.ordesamonteperdido.com\/pt\/vias-ferratas\/espolon-virgen-rodellar\/#breadcrumb\"},\"inLanguage\":\"pt\",\"potentialAction\":[{\"@type\":\"ReadAction\",\"target\":[\"https:\/\/www.ordesamonteperdido.com\/pt\/vias-ferratas\/espolon-virgen-rodellar\/\"]}]},{\"@type\":\"BreadcrumbList\",\"@id\":\"https:\/\/www.ordesamonteperdido.com\/pt\/vias-ferratas\/espolon-virgen-rodellar\/#breadcrumb\",\"itemListElement\":[{\"@type\":\"ListItem\",\"position\":1,\"name\":\"In\u00edcio\",\"item\":\"https:\/\/www.ordesamonteperdido.com\/pt\/\"},{\"@type\":\"ListItem\",\"position\":2,\"name\":\"Vias Ferratas de Ordesa, Monte Perdido e Torla\",\"item\":\"https:\/\/www.ordesamonteperdido.com\/pt\/vias-ferratas\/\"},{\"@type\":\"ListItem\",\"position\":3,\"name\":\"Via Ferrata do Espol\u00f3n de la Virgen de Rodellar\"}]},{\"@type\":\"WebSite\",\"@id\":\"https:\/\/www.ordesamonteperdido.com\/pt\/#website\",\"url\":\"https:\/\/www.ordesamonteperdido.com\/pt\/\",\"name\":\"Ordesa y Monte Perdido\",\"description\":\"Parque Nacional de Ordesa y Monte Perdido: turismo, alojamento, trilhas e guias\",\"publisher\":{\"@id\":\"https:\/\/www.ordesamonteperdido.com\/pt\/#organization\"},\"potentialAction\":[{\"@type\":\"SearchAction\",\"target\":{\"@type\":\"EntryPoint\",\"urlTemplate\":\"https:\/\/www.ordesamonteperdido.com\/pt\/?s={search_term_string}\"},\"query-input\":\"required name=search_term_string\"}],\"inLanguage\":\"pt\"},{\"@type\":\"Organization\",\"@id\":\"https:\/\/www.ordesamonteperdido.com\/pt\/#organization\",\"name\":\"Ordesa y Monte Perdido\",\"url\":\"https:\/\/www.ordesamonteperdido.com\/pt\/\",\"logo\":{\"@type\":\"ImageObject\",\"inLanguage\":\"pt\",\"@id\":\"https:\/\/www.ordesamonteperdido.com\/pt\/#\/schema\/logo\/image\/\",\"url\":\"https:\/\/www.ordesamonteperdido.com\/pt\/wp-content\/uploads\/ordesa-and-monteperdido-logo.png\",\"contentUrl\":\"https:\/\/www.ordesamonteperdido.com\/pt\/wp-content\/uploads\/ordesa-and-monteperdido-logo.png\",\"width\":567,\"height\":69,\"caption\":\"Ordesa y Monte Perdido\"},\"image\":{\"@id\":\"https:\/\/www.ordesamonteperdido.com\/pt\/#\/schema\/logo\/image\/\"}}]}<\/script>\n<!-- \/ Yoast SEO plugin. -->","yoast_head_json":{"title":"Via Ferrata do Espol\u00f3n de la Virgen de Rodellar","description":"Escale a Via Ferrata do Espol\u00f3n de la Virgen de Rodellar no n\u00edvel K2, com vistas impressionantes e descida pelo desfiladeiro seco.","robots":{"index":"index","follow":"follow","max-snippet":"max-snippet:-1","max-image-preview":"max-image-preview:large","max-video-preview":"max-video-preview:-1"},"canonical":"https:\/\/www.ordesamonteperdido.com\/pt\/vias-ferratas\/espolon-virgen-rodellar\/","og_locale":"pt_PT","og_type":"article","og_title":"Via Ferrata do Espol\u00f3n de la Virgen de Rodellar","og_description":"Escale a Via Ferrata do Espol\u00f3n de la Virgen de Rodellar no n\u00edvel K2, com vistas impressionantes e descida pelo desfiladeiro seco.","og_url":"https:\/\/www.ordesamonteperdido.com\/pt\/vias-ferratas\/espolon-virgen-rodellar\/","og_site_name":"Ordesa y Monte Perdido","article_modified_time":"2024-08-31T08:05:26+00:00","og_image":[{"width":800,"height":600,"url":"https:\/\/www.ordesamonteperdido.com\/pt\/wp-content\/uploads\/via-ferrata-espolon-virgen-rodellar.jpg","type":"image\/jpeg"}],"twitter_card":"summary_large_image","twitter_misc":{"Tiempo de lectura":"2 minutos"},"schema":{"@context":"https:\/\/schema.org","@graph":[{"@type":"WebPage","@id":"https:\/\/www.ordesamonteperdido.com\/pt\/vias-ferratas\/espolon-virgen-rodellar\/","url":"https:\/\/www.ordesamonteperdido.com\/pt\/vias-ferratas\/espolon-virgen-rodellar\/","name":"Via Ferrata do Espol\u00f3n de la Virgen de Rodellar","isPartOf":{"@id":"https:\/\/www.ordesamonteperdido.com\/pt\/#website"},"datePublished":"2024-08-29T06:00:52+00:00","dateModified":"2024-08-31T08:05:26+00:00","description":"Escale a Via Ferrata do Espol\u00f3n de la Virgen de Rodellar no n\u00edvel K2, com vistas impressionantes e descida pelo desfiladeiro seco.","breadcrumb":{"@id":"https:\/\/www.ordesamonteperdido.com\/pt\/vias-ferratas\/espolon-virgen-rodellar\/#breadcrumb"},"inLanguage":"pt","potentialAction":[{"@type":"ReadAction","target":["https:\/\/www.ordesamonteperdido.com\/pt\/vias-ferratas\/espolon-virgen-rodellar\/"]}]},{"@type":"BreadcrumbList","@id":"https:\/\/www.ordesamonteperdido.com\/pt\/vias-ferratas\/espolon-virgen-rodellar\/#breadcrumb","itemListElement":[{"@type":"ListItem","position":1,"name":"In\u00edcio","item":"https:\/\/www.ordesamonteperdido.com\/pt\/"},{"@type":"ListItem","position":2,"name":"Vias Ferratas de Ordesa, Monte Perdido e Torla","item":"https:\/\/www.ordesamonteperdido.com\/pt\/vias-ferratas\/"},{"@type":"ListItem","position":3,"name":"Via Ferrata do Espol\u00f3n de la Virgen de Rodellar"}]},{"@type":"WebSite","@id":"https:\/\/www.ordesamonteperdido.com\/pt\/#website","url":"https:\/\/www.ordesamonteperdido.com\/pt\/","name":"Ordesa y Monte Perdido","description":"Parque Nacional de Ordesa y Monte Perdido: turismo, alojamento, trilhas e guias","publisher":{"@id":"https:\/\/www.ordesamonteperdido.com\/pt\/#organization"},"potentialAction":[{"@type":"SearchAction","target":{"@type":"EntryPoint","urlTemplate":"https:\/\/www.ordesamonteperdido.com\/pt\/?s={search_term_string}"},"query-input":"required name=search_term_string"}],"inLanguage":"pt"},{"@type":"Organization","@id":"https:\/\/www.ordesamonteperdido.com\/pt\/#organization","name":"Ordesa y Monte Perdido","url":"https:\/\/www.ordesamonteperdido.com\/pt\/","logo":{"@type":"ImageObject","inLanguage":"pt","@id":"https:\/\/www.ordesamonteperdido.com\/pt\/#\/schema\/logo\/image\/","url":"https:\/\/www.ordesamonteperdido.com\/pt\/wp-content\/uploads\/ordesa-and-monteperdido-logo.png","contentUrl":"https:\/\/www.ordesamonteperdido.com\/pt\/wp-content\/uploads\/ordesa-and-monteperdido-logo.png","width":567,"height":69,"caption":"Ordesa y Monte Perdido"},"image":{"@id":"https:\/\/www.ordesamonteperdido.com\/pt\/#\/schema\/logo\/image\/"}}]}},"_links":{"self":[{"href":"https:\/\/www.ordesamonteperdido.com\/pt\/wp-json\/wp\/v2\/pages\/2559"}],"collection":[{"href":"https:\/\/www.ordesamonteperdido.com\/pt\/wp-json\/wp\/v2\/pages"}],"about":[{"href":"https:\/\/www.ordesamonteperdido.com\/pt\/wp-json\/wp\/v2\/types\/page"}],"author":[{"embeddable":true,"href":"https:\/\/www.ordesamonteperdido.com\/pt\/wp-json\/wp\/v2\/users\/2"}],"replies":[{"embeddable":true,"href":"https:\/\/www.ordesamonteperdido.com\/pt\/wp-json\/wp\/v2\/comments?post=2559"}],"version-history":[{"count":0,"href":"https:\/\/www.ordesamonteperdido.com\/pt\/wp-json\/wp\/v2\/pages\/2559\/revisions"}],"up":[{"embeddable":true,"href":"https:\/\/www.ordesamonteperdido.com\/pt\/wp-json\/wp\/v2\/pages\/2543"}],"wp:featuredmedia":[{"embeddable":true,"href":"https:\/\/www.ordesamonteperdido.com\/pt\/wp-json\/wp\/v2\/media\/4475"}],"wp:attachment":[{"href":"https:\/\/www.ordesamonteperdido.com\/pt\/wp-json\/wp\/v2\/media?parent=2559"}],"curies":[{"name":"wp","href":"https:\/\/api.w.org\/{rel}","templated":true}]}}

Via Ferrata do Espolón de la Virgen de Rodellar

<p>A <strong>Via Ferrata de Espolón de la Virgen de Rodellar</strong> está localizada em Rodellar, dentro do Cânion Mascún. Esta rota segue o espigão que leva à Ermida da Virgen de Rodellar, oferecendo paisagens espetaculares e um ambiente arejado ao longo do caminho. Embora não seja muito difícil, proporciona a emoção de aventura que procuramos.</p>
<p>Com um nível de dificuldade de K2 (médio), esta ferrata está equipada com grampos de metal e algumas correntes, permitindo vistas deslumbrantes das paredes do Cânion Mascún. Este cânion é conhecido principalmente por escaladores e entusiastas de descida de cânion. Seu caráter aéreo nos dá a oportunidade de contemplar pontos famosos como o "Delfin", um buraco nas paredes em forma de golfinho.</p>
<p><a href="https://www.ordesamonteperdido.com/pt/wp-content/uploads/via-ferrata-espolon-virgen-rodellar.jpg" target="_blank" rel="noopener"><img decoding="async" class="aligncenter wp-image-4475 size-full" src="https://www.ordesamonteperdido.com/pt/wp-content/uploads/via-ferrata-espolon-virgen-rodellar.jpg" alt="Via Ferrata do Espolón de la Virgen de Rodellar" width="800" height="600" srcset="https://www.ordesamonteperdido.com/pt/wp-content/uploads/via-ferrata-espolon-virgen-rodellar.jpg 800w, https://www.ordesamonteperdido.com/pt/wp-content/uploads/via-ferrata-espolon-virgen-rodellar-336x252.jpg 336w, https://www.ordesamonteperdido.com/pt/wp-content/uploads/via-ferrata-espolon-virgen-rodellar-768x576.jpg 768w" sizes="(max-width: 800px) 100vw, 800px" /></a></p>
<p>O retorno da ferrata é feito por trilha, embora haja a opção de terminar com uma descida por uma ravina seca, com 3 rapéis de 6, 5 e 12 metros que nos levam de volta ao leito do Mascún. Consultar esta opção é recomendável.</p>
<p>A melhor maneira de aproveitar esta Via Ferrata é combiná-la no mesmo dia com o barranco de Basender, uma atividade perfeita para quando a temporada de barrancos aquáticos terminou.</p>
<h2>Dificuldade</h2>
<p>A Via Ferrata de Espolón de la Virgen de Rodellar, localizada no Parque Natural da Sierra e Cañones de Guara, em Rodellar, apresenta uma dificuldade média. A duração estimada da atividade é de 1 hora e 30 minutos na ferrata, com uma aproximação de 40 minutos e um retorno de 40 minutos.</p>
<p>Esta atividade está disponível durante todo o ano, com horários tanto pela manhã quanto à tarde. O ponto de encontro é a aldeia de Rodellar. A proporção é de 6 pessoas por guia, embora excepcionalmente possa ser de até 8 pessoas por guia.</p>

<p>A Via Ferrata de Espolón de la Virgen de Rodellar está localizada em Rodellar, dentro do Cânion Mascún. Esta rota segue o espigão que leva à Ermida da Virgen de Rodellar, oferecendo paisagens espetaculares&#46;&#46;&#46;</p>

<!-- This site is optimized with the Yoast SEO plugin v20.1 - https://yoast.com/wordpress/plugins/seo/ -->
<title>Via Ferrata do Espolón de la Virgen de Rodellar</title>
<meta name="description" content="Escale a Via Ferrata do Espolón de la Virgen de Rodellar no nível K2, com vistas impressionantes e descida pelo desfiladeiro seco." />
<meta name="robots" content="index, follow, max-snippet:-1, max-image-preview:large, max-video-preview:-1" />
<link rel="canonical" href="https://www.ordesamonteperdido.com/pt/vias-ferratas/espolon-virgen-rodellar/" />
<meta property="og:locale" content="pt_PT" />
<meta property="og:type" content="article" />
<meta property="og:title" content="Via Ferrata do Espolón de la Virgen de Rodellar" />
<meta property="og:description" content="Escale a Via Ferrata do Espolón de la Virgen de Rodellar no nível K2, com vistas impressionantes e descida pelo desfiladeiro seco." />
<meta property="og:url" content="https://www.ordesamonteperdido.com/pt/vias-ferratas/espolon-virgen-rodellar/" />
<meta property="og:site_name" content="Ordesa y Monte Perdido" />
<meta property="article:modified_time" content="2024-08-31T08:05:26+00:00" />
<meta property="og:image" content="https://www.ordesamonteperdido.com/pt/wp-content/uploads/via-ferrata-espolon-virgen-rodellar.jpg" />
	<meta property="og:image:width" content="800" />
	<meta property="og:image:height" content="600" />
	<meta property="og:image:type" content="image/jpeg" />
<meta name="twitter:card" content="summary_large_image" />
<meta name="twitter:label1" content="Tiempo de lectura" />
	<meta name="twitter:data1" content="2 minutos" />
<script type="application/ld+json" class="yoast-schema-graph">{"@context":"https://schema.org","@graph":[{"@type":"WebPage","@id":"https://www.ordesamonteperdido.com/pt/vias-ferratas/espolon-virgen-rodellar/","url":"https://www.ordesamonteperdido.com/pt/vias-ferratas/espolon-virgen-rodellar/","name":"Via Ferrata do Espolón de la Virgen de Rodellar","isPartOf":{"@id":"https://www.ordesamonteperdido.com/pt/#website"},"datePublished":"2024-08-29T06:00:52+00:00","dateModified":"2024-08-31T08:05:26+00:00","description":"Escale a Via Ferrata do Espolón de la Virgen de Rodellar no nível K2, com vistas impressionantes e descida pelo desfiladeiro seco.","breadcrumb":{"@id":"https://www.ordesamonteperdido.com/pt/vias-ferratas/espolon-virgen-rodellar/#breadcrumb"},"inLanguage":"pt","potentialAction":[{"@type":"ReadAction","target":["https://www.ordesamonteperdido.com/pt/vias-ferratas/espolon-virgen-rodellar/"]}]},{"@type":"BreadcrumbList","@id":"https://www.ordesamonteperdido.com/pt/vias-ferratas/espolon-virgen-rodellar/#breadcrumb","itemListElement":[{"@type":"ListItem","position":1,"name":"Início","item":"https://www.ordesamonteperdido.com/pt/"},{"@type":"ListItem","position":2,"name":"Vias Ferratas de Ordesa, Monte Perdido e Torla","item":"https://www.ordesamonteperdido.com/pt/vias-ferratas/"},{"@type":"ListItem","position":3,"name":"Via Ferrata do Espolón de la Virgen de Rodellar"}]},{"@type":"WebSite","@id":"https://www.ordesamonteperdido.com/pt/#website","url":"https://www.ordesamonteperdido.com/pt/","name":"Ordesa y Monte Perdido","description":"Parque Nacional de Ordesa y Monte Perdido: turismo, alojamento, trilhas e guias","publisher":{"@id":"https://www.ordesamonteperdido.com/pt/#organization"},"potentialAction":[{"@type":"SearchAction","target":{"@type":"EntryPoint","urlTemplate":"https://www.ordesamonteperdido.com/pt/?s={search_term_string}"},"query-input":"required name=search_term_string"}],"inLanguage":"pt"},{"@type":"Organization","@id":"https://www.ordesamonteperdido.com/pt/#organization","name":"Ordesa y Monte Perdido","url":"https://www.ordesamonteperdido.com/pt/","logo":{"@type":"ImageObject","inLanguage":"pt","@id":"https://www.ordesamonteperdido.com/pt/#/schema/logo/image/","url":"https://www.ordesamonteperdido.com/pt/wp-content/uploads/ordesa-and-monteperdido-logo.png","contentUrl":"https://www.ordesamonteperdido.com/pt/wp-content/uploads/ordesa-and-monteperdido-logo.png","width":567,"height":69,"caption":"Ordesa y Monte Perdido"},"image":{"@id":"https://www.ordesamonteperdido.com/pt/#/schema/logo/image/"}}]}</script>
<!-- / Yoast SEO plugin. -->

Escale a Via Ferrata do Espolón de la Virgen de Rodellar no nível K2, com vistas impressionantes e descida pelo desfiladeiro seco.

Início
